{"id":21365,"date":"2021-02-13T18:02:16","date_gmt":"2021-02-13T21:02:16","guid":{"rendered":"https:\/\/luisgustavoleite.com.br\/blog\/wp-content\/uploads\/2021\/02\/gengiva-retra\u00edda-alergia-metal-pr\u00f3tese-dent\u00e1ria-.jpg"},"modified":"2023-06-25T14:54:12","modified_gmt":"2023-06-25T17:54:12","slug":"gengiva-retraida-alergia-metal-protese-dentaria","status":"inherit","type":"attachment","link":"https:\/\/luisgustavoleite.com.br\/blog\/protese-dentaria-em-porcelana-pura-gengiva-retraida\/gengiva-retraida-alergia-metal-protese-dentaria\/","title":{"rendered":"gengiva retra\u00edda alergia metal pr\u00f3tese dent\u00e1ria"},"author":4,"featured_media":0,"comment_status":"open","ping_status":"closed","template":"","meta":{"web_stories_base_color":"#909090","web_stories_blurhash":"U9G+UM00~qR+xuWB?b%M00-=%N?aoft7%Mxu","web_stories_cropped_origin_id":0,"web_stories_muted_id":0,"web_stories_optimized_id":0,"web_stories_poster_id":0,"web_stories_trim_data":{"original":0},"web_stories_is_gif":false},"web_story_media_source":[],"web_stories_media_source":"","web_stories_is_muted":null,"featured_media_src":[],"description":{"rendered":"<p class=\"attachment\"><a href='https:\/\/luisgustavoleite.com.br\/blog\/wp-content\/uploads\/2021\/02\/gengiva-retra\u00edda-alergia-metal-pr\u00f3tese-dent\u00e1ria-.jpg'><img width=\"300\" height=\"169\" src=\"https:\/\/luisgustavoleite.com.br\/blog\/wp-content\/uploads\/2021\/02\/gengiva-retra\u00edda-alergia-metal-pr\u00f3tese-dent\u00e1ria--300x169.jpg\" class=\"attachment-medium size-medium\" alt=\"\" decoding=\"async\" loading=\"lazy\" srcset=\"https:\/\/luisgustavoleite.com.br\/blog\/wp-content\/uploads\/2021\/02\/gengiva-retra\u00edda-alergia-metal-pr\u00f3tese-dent\u00e1ria--300x169.jpg 300w, https:\/\/luisgustavoleite.com.br\/blog\/wp-content\/uploads\/2021\/02\/gengiva-retra\u00edda-alergia-metal-pr\u00f3tese-dent\u00e1ria--768x432.jpg 768w, https:\/\/luisgustavoleite.com.br\/blog\/wp-content\/uploads\/2021\/02\/gengiva-retra\u00edda-alergia-metal-pr\u00f3tese-dent\u00e1ria-.jpg 900w\" sizes=\"(max-width: 300px) 100vw, 300px\" \/><\/a><\/p>\n"},"caption":{"rendered":"<p>Alergia ao metal de pr\u00f3tese dent\u00e1ria fixa: \u00e1rea inflamat\u00f3ria pode ir al\u00e9m das gengivas.<\/p>\n"},"alt_text":"","media_type":"image","mime_type":"image\/jpeg","media_details":{"width":900,"height":506,"file":"2021\/02\/gengiva-retra\u00edda-alergia-metal-pr\u00f3tese-dent\u00e1ria-.jpg","sizes":{"thumbnail":{"file":"gengiva-retra\u00edda-alergia-metal-pr\u00f3tese-dent\u00e1ria--150x150.jpg","width":150,"height":150,"mime_type":"image\/jpeg","source_url":"https:\/\/luisgustavoleite.com.br\/blog\/wp-content\/uploads\/2021\/02\/gengiva-retra\u00edda-alergia-metal-pr\u00f3tese-dent\u00e1ria--150x150.jpg"},"medium":{"file":"gengiva-retra\u00edda-alergia-metal-pr\u00f3tese-dent\u00e1ria--300x169.jpg","width":300,"height":169,"mime_type":"image\/jpeg","source_url":"https:\/\/luisgustavoleite.com.br\/blog\/wp-content\/uploads\/2021\/02\/gengiva-retra\u00edda-alergia-metal-pr\u00f3tese-dent\u00e1ria--300x169.jpg"},"medium_large":{"file":"gengiva-retra\u00edda-alergia-metal-pr\u00f3tese-dent\u00e1ria--768x432.jpg","width":768,"height":432,"mime_type":"image\/jpeg","source_url":"https:\/\/luisgustavoleite.com.br\/blog\/wp-content\/uploads\/2021\/02\/gengiva-retra\u00edda-alergia-metal-pr\u00f3tese-dent\u00e1ria--768x432.jpg"},"post-thumbnail":{"file":"gengiva-retra\u00edda-alergia-metal-pr\u00f3tese-dent\u00e1ria--672x372.jpg","width":672,"height":372,"mime_type":"image\/jpeg","source_url":"https:\/\/luisgustavoleite.com.br\/blog\/wp-content\/uploads\/2021\/02\/gengiva-retra\u00edda-alergia-metal-pr\u00f3tese-dent\u00e1ria--672x372.jpg"},"profile_24":{"file":"gengiva-retra\u00edda-alergia-metal-pr\u00f3tese-dent\u00e1ria--24x24.jpg","width":24,"height":24,"mime_type":"image\/jpeg","source_url":"https:\/\/luisgustavoleite.com.br\/blog\/wp-content\/uploads\/2021\/02\/gengiva-retra\u00edda-alergia-metal-pr\u00f3tese-dent\u00e1ria--24x24.jpg"},"profile_48":{"file":"gengiva-retra\u00edda-alergia-metal-pr\u00f3tese-dent\u00e1ria--48x48.jpg","width":48,"height":48,"mime_type":"image\/jpeg","source_url":"https:\/\/luisgustavoleite.com.br\/blog\/wp-content\/uploads\/2021\/02\/gengiva-retra\u00edda-alergia-metal-pr\u00f3tese-dent\u00e1ria--48x48.jpg"},"profile_96":{"file":"gengiva-retra\u00edda-alergia-metal-pr\u00f3tese-dent\u00e1ria--96x96.jpg","width":96,"height":96,"mime_type":"image\/jpeg","source_url":"https:\/\/luisgustavoleite.com.br\/blog\/wp-content\/uploads\/2021\/02\/gengiva-retra\u00edda-alergia-metal-pr\u00f3tese-dent\u00e1ria--96x96.jpg"},"full":{"file":"gengiva-retra\u00edda-alergia-metal-pr\u00f3tese-dent\u00e1ria-.jpg","width":900,"height":506,"mime_type":"image\/jpeg","source_url":"https:\/\/luisgustavoleite.com.br\/blog\/wp-content\/uploads\/2021\/02\/gengiva-retra\u00edda-alergia-metal-pr\u00f3tese-dent\u00e1ria-.jpg"}},"image_meta":{"aperture":"0","credit":"","camera":"","caption":"","created_timestamp":"0","copyright":"","focal_length":"0","iso":"0","shutter_speed":"0","title":"","orientation":"1","keywords":[]}},"post":21355,"source_url":"https:\/\/luisgustavoleite.com.br\/blog\/wp-content\/uploads\/2021\/02\/gengiva-retra\u00edda-alergia-metal-pr\u00f3tese-dent\u00e1ria-.jpg","_links":{"self":[{"href":"https:\/\/luisgustavoleite.com.br\/blog\/wp-json\/wp\/v2\/media\/21365"}],"collection":[{"href":"https:\/\/luisgustavoleite.com.br\/blog\/wp-json\/wp\/v2\/media"}],"about":[{"href":"https:\/\/luisgustavoleite.com.br\/blog\/wp-json\/wp\/v2\/types\/attachment"}],"author":[{"embeddable":true,"href":"https:\/\/luisgustavoleite.com.br\/blog\/wp-json\/wp\/v2\/users\/4"}],"replies":[{"embeddable":true,"href":"https:\/\/luisgustavoleite.com.br\/blog\/wp-json\/wp\/v2\/comments?post=21365"}],"wp:term":[{"taxonomy":"web_story_media_source","embeddable":true,"href":"https:\/\/luisgustavoleite.com.br\/blog\/wp-json\/web-stories\/v1\/web_story_media_source?post=21365"}],"curies":[{"name":"wp","href":"https:\/\/api.w.org\/{rel}","templated":true}]}}

https://luisgustavoleite.com.br/blog/wp-content/uploads/2021/02/gengiva-retraída-alergia-metal-prótese-dentária-.jpg

gengiva retraída alergia metal prótese dentária

<p class="attachment"><a href='https://luisgustavoleite.com.br/blog/wp-content/uploads/2021/02/gengiva-retraída-alergia-metal-prótese-dentária-.jpg'><img width="300" height="169" src="https://luisgustavoleite.com.br/blog/wp-content/uploads/2021/02/gengiva-retraída-alergia-metal-prótese-dentária--300x169.jpg" class="attachment-medium size-medium" alt="" decoding="async" loading="lazy" srcset="https://luisgustavoleite.com.br/blog/wp-content/uploads/2021/02/gengiva-retraída-alergia-metal-prótese-dentária--300x169.jpg 300w, https://luisgustavoleite.com.br/blog/wp-content/uploads/2021/02/gengiva-retraída-alergia-metal-prótese-dentária--768x432.jpg 768w, https://luisgustavoleite.com.br/blog/wp-content/uploads/2021/02/gengiva-retraída-alergia-metal-prótese-dentária-.jpg 900w" sizes="(max-width: 300px) 100vw, 300px" /></a></p>

<p>Alergia ao metal de prótese dentária fixa: área inflamatória pode ir além das gengivas.</p>

2021/02/gengiva-retraída-alergia-metal-prótese-dentária-.jpg

gengiva-retraída-alergia-metal-prótese-dentária--150x150.jpg

https://luisgustavoleite.com.br/blog/wp-content/uploads/2021/02/gengiva-retraída-alergia-metal-prótese-dentária--150x150.jpg

gengiva-retraída-alergia-metal-prótese-dentária--300x169.jpg

https://luisgustavoleite.com.br/blog/wp-content/uploads/2021/02/gengiva-retraída-alergia-metal-prótese-dentária--300x169.jpg

gengiva-retraída-alergia-metal-prótese-dentária--768x432.jpg

https://luisgustavoleite.com.br/blog/wp-content/uploads/2021/02/gengiva-retraída-alergia-metal-prótese-dentária--768x432.jpg

gengiva-retraída-alergia-metal-prótese-dentária--672x372.jpg

https://luisgustavoleite.com.br/blog/wp-content/uploads/2021/02/gengiva-retraída-alergia-metal-prótese-dentária--672x372.jpg

gengiva-retraída-alergia-metal-prótese-dentária--24x24.jpg

https://luisgustavoleite.com.br/blog/wp-content/uploads/2021/02/gengiva-retraída-alergia-metal-prótese-dentária--24x24.jpg

gengiva-retraída-alergia-metal-prótese-dentária--48x48.jpg

https://luisgustavoleite.com.br/blog/wp-content/uploads/2021/02/gengiva-retraída-alergia-metal-prótese-dentária--48x48.jpg

gengiva-retraída-alergia-metal-prótese-dentária--96x96.jpg

https://luisgustavoleite.com.br/blog/wp-content/uploads/2021/02/gengiva-retraída-alergia-metal-prótese-dentária--96x96.jpg

gengiva-retraída-alergia-metal-prótese-dentária-.jpg
