{"id":21367,"date":"2021-02-13T18:05:17","date_gmt":"2021-02-13T21:05:17","guid":{"rendered":"https:\/\/luisgustavoleite.com.br\/blog\/wp-content\/uploads\/2021\/02\/enxerto-gengival-gengiva-retra\u00edda-retra\u00e7\u00e3o-pr\u00f3tese-dent\u00e1ria.jpg"},"modified":"2024-05-28T20:51:28","modified_gmt":"2024-05-28T23:51:28","slug":"enxerto-gengival-gengiva-retraida-retracao-protese-dentaria","status":"inherit","type":"attachment","link":"https:\/\/luisgustavoleite.com.br\/blog\/protese-dentaria-em-porcelana-pura-gengiva-retraida\/enxerto-gengival-gengiva-retraida-retracao-protese-dentaria\/","title":{"rendered":"enxerto gengival gengiva retra\u00edda retra\u00e7\u00e3o pr\u00f3tese dent\u00e1ria"},"author":4,"featured_media":0,"comment_status":"open","ping_status":"closed","template":"","meta":{"web_stories_base_color":"#939393","web_stories_blurhash":"UHHV9w-;M{RjD%IUM{t700Rj-;WB~qofM{WB","web_stories_cropped_origin_id":0,"web_stories_muted_id":0,"web_stories_optimized_id":0,"web_stories_poster_id":0,"web_stories_trim_data":{"original":0},"web_stories_is_gif":false},"web_story_media_source":[],"web_stories_media_source":"","web_stories_is_muted":null,"featured_media_src":[],"description":{"rendered":"<p class=\"attachment\"><a href='https:\/\/luisgustavoleite.com.br\/blog\/wp-content\/uploads\/2021\/02\/enxerto-gengival-gengiva-retra\u00edda-retra\u00e7\u00e3o-pr\u00f3tese-dent\u00e1ria.jpg'><img width=\"300\" height=\"180\" src=\"https:\/\/luisgustavoleite.com.br\/blog\/wp-content\/uploads\/2021\/02\/enxerto-gengival-gengiva-retra\u00edda-retra\u00e7\u00e3o-pr\u00f3tese-dent\u00e1ria-300x180.jpg\" class=\"attachment-medium size-medium\" alt=\"\" decoding=\"async\" loading=\"lazy\" srcset=\"https:\/\/luisgustavoleite.com.br\/blog\/wp-content\/uploads\/2021\/02\/enxerto-gengival-gengiva-retra\u00edda-retra\u00e7\u00e3o-pr\u00f3tese-dent\u00e1ria-300x180.jpg 300w, https:\/\/luisgustavoleite.com.br\/blog\/wp-content\/uploads\/2021\/02\/enxerto-gengival-gengiva-retra\u00edda-retra\u00e7\u00e3o-pr\u00f3tese-dent\u00e1ria-768x461.jpg 768w, https:\/\/luisgustavoleite.com.br\/blog\/wp-content\/uploads\/2021\/02\/enxerto-gengival-gengiva-retra\u00edda-retra\u00e7\u00e3o-pr\u00f3tese-dent\u00e1ria-1024x614.jpg 1024w, https:\/\/luisgustavoleite.com.br\/blog\/wp-content\/uploads\/2021\/02\/enxerto-gengival-gengiva-retra\u00edda-retra\u00e7\u00e3o-pr\u00f3tese-dent\u00e1ria.jpg 1500w\" sizes=\"(max-width: 300px) 100vw, 300px\" \/><\/a><\/p>\n"},"caption":{"rendered":"<p>Enxerto gengival pode ser utilizado na recupera\u00e7\u00e3o da retra\u00e7\u00e3o gengival severa.<\/p>\n"},"alt_text":"","media_type":"image","mime_type":"image\/jpeg","media_details":{"width":1500,"height":900,"file":"2021\/02\/enxerto-gengival-gengiva-retra\u00edda-retra\u00e7\u00e3o-pr\u00f3tese-dent\u00e1ria.jpg","sizes":{"thumbnail":{"file":"enxerto-gengival-gengiva-retra\u00edda-retra\u00e7\u00e3o-pr\u00f3tese-dent\u00e1ria-150x150.jpg","width":150,"height":150,"mime_type":"image\/jpeg","source_url":"https:\/\/luisgustavoleite.com.br\/blog\/wp-content\/uploads\/2021\/02\/enxerto-gengival-gengiva-retra\u00edda-retra\u00e7\u00e3o-pr\u00f3tese-dent\u00e1ria-150x150.jpg"},"medium":{"file":"enxerto-gengival-gengiva-retra\u00edda-retra\u00e7\u00e3o-pr\u00f3tese-dent\u00e1ria-300x180.jpg","width":300,"height":180,"mime_type":"image\/jpeg","source_url":"https:\/\/luisgustavoleite.com.br\/blog\/wp-content\/uploads\/2021\/02\/enxerto-gengival-gengiva-retra\u00edda-retra\u00e7\u00e3o-pr\u00f3tese-dent\u00e1ria-300x180.jpg"},"medium_large":{"file":"enxerto-gengival-gengiva-retra\u00edda-retra\u00e7\u00e3o-pr\u00f3tese-dent\u00e1ria-768x461.jpg","width":768,"height":461,"mime_type":"image\/jpeg","source_url":"https:\/\/luisgustavoleite.com.br\/blog\/wp-content\/uploads\/2021\/02\/enxerto-gengival-gengiva-retra\u00edda-retra\u00e7\u00e3o-pr\u00f3tese-dent\u00e1ria-768x461.jpg"},"large":{"file":"enxerto-gengival-gengiva-retra\u00edda-retra\u00e7\u00e3o-pr\u00f3tese-dent\u00e1ria-1024x614.jpg","width":1024,"height":614,"mime_type":"image\/jpeg","source_url":"https:\/\/luisgustavoleite.com.br\/blog\/wp-content\/uploads\/2021\/02\/enxerto-gengival-gengiva-retra\u00edda-retra\u00e7\u00e3o-pr\u00f3tese-dent\u00e1ria-1024x614.jpg"},"post-thumbnail":{"file":"enxerto-gengival-gengiva-retra\u00edda-retra\u00e7\u00e3o-pr\u00f3tese-dent\u00e1ria-672x372.jpg","width":672,"height":372,"mime_type":"image\/jpeg","source_url":"https:\/\/luisgustavoleite.com.br\/blog\/wp-content\/uploads\/2021\/02\/enxerto-gengival-gengiva-retra\u00edda-retra\u00e7\u00e3o-pr\u00f3tese-dent\u00e1ria-672x372.jpg"},"twentyfourteen-full-width":{"file":"enxerto-gengival-gengiva-retra\u00edda-retra\u00e7\u00e3o-pr\u00f3tese-dent\u00e1ria-1038x576.jpg","width":1038,"height":576,"mime_type":"image\/jpeg","source_url":"https:\/\/luisgustavoleite.com.br\/blog\/wp-content\/uploads\/2021\/02\/enxerto-gengival-gengiva-retra\u00edda-retra\u00e7\u00e3o-pr\u00f3tese-dent\u00e1ria-1038x576.jpg"},"profile_24":{"file":"enxerto-gengival-gengiva-retra\u00edda-retra\u00e7\u00e3o-pr\u00f3tese-dent\u00e1ria-24x24.jpg","width":24,"height":24,"mime_type":"image\/jpeg","source_url":"https:\/\/luisgustavoleite.com.br\/blog\/wp-content\/uploads\/2021\/02\/enxerto-gengival-gengiva-retra\u00edda-retra\u00e7\u00e3o-pr\u00f3tese-dent\u00e1ria-24x24.jpg"},"profile_48":{"file":"enxerto-gengival-gengiva-retra\u00edda-retra\u00e7\u00e3o-pr\u00f3tese-dent\u00e1ria-48x48.jpg","width":48,"height":48,"mime_type":"image\/jpeg","source_url":"https:\/\/luisgustavoleite.com.br\/blog\/wp-content\/uploads\/2021\/02\/enxerto-gengival-gengiva-retra\u00edda-retra\u00e7\u00e3o-pr\u00f3tese-dent\u00e1ria-48x48.jpg"},"profile_96":{"file":"enxerto-gengival-gengiva-retra\u00edda-retra\u00e7\u00e3o-pr\u00f3tese-dent\u00e1ria-96x96.jpg","width":96,"height":96,"mime_type":"image\/jpeg","source_url":"https:\/\/luisgustavoleite.com.br\/blog\/wp-content\/uploads\/2021\/02\/enxerto-gengival-gengiva-retra\u00edda-retra\u00e7\u00e3o-pr\u00f3tese-dent\u00e1ria-96x96.jpg"},"full":{"file":"enxerto-gengival-gengiva-retra\u00edda-retra\u00e7\u00e3o-pr\u00f3tese-dent\u00e1ria.jpg","width":1500,"height":900,"mime_type":"image\/jpeg","source_url":"https:\/\/luisgustavoleite.com.br\/blog\/wp-content\/uploads\/2021\/02\/enxerto-gengival-gengiva-retra\u00edda-retra\u00e7\u00e3o-pr\u00f3tese-dent\u00e1ria.jpg"}},"image_meta":{"aperture":"0","credit":"","camera":"","caption":"","created_timestamp":"0","copyright":"","focal_length":"0","iso":"0","shutter_speed":"0","title":"","orientation":"1","keywords":[]}},"post":21355,"source_url":"https:\/\/luisgustavoleite.com.br\/blog\/wp-content\/uploads\/2021\/02\/enxerto-gengival-gengiva-retra\u00edda-retra\u00e7\u00e3o-pr\u00f3tese-dent\u00e1ria.jpg","_links":{"self":[{"href":"https:\/\/luisgustavoleite.com.br\/blog\/wp-json\/wp\/v2\/media\/21367"}],"collection":[{"href":"https:\/\/luisgustavoleite.com.br\/blog\/wp-json\/wp\/v2\/media"}],"about":[{"href":"https:\/\/luisgustavoleite.com.br\/blog\/wp-json\/wp\/v2\/types\/attachment"}],"author":[{"embeddable":true,"href":"https:\/\/luisgustavoleite.com.br\/blog\/wp-json\/wp\/v2\/users\/4"}],"replies":[{"embeddable":true,"href":"https:\/\/luisgustavoleite.com.br\/blog\/wp-json\/wp\/v2\/comments?post=21367"}],"wp:term":[{"taxonomy":"web_story_media_source","embeddable":true,"href":"https:\/\/luisgustavoleite.com.br\/blog\/wp-json\/web-stories\/v1\/web_story_media_source?post=21367"}],"curies":[{"name":"wp","href":"https:\/\/api.w.org\/{rel}","templated":true}]}}

https://luisgustavoleite.com.br/blog/wp-content/uploads/2021/02/enxerto-gengival-gengiva-retraída-retração-prótese-dentária.jpg

enxerto gengival gengiva retraída retração prótese dentária

<p class="attachment"><a href='https://luisgustavoleite.com.br/blog/wp-content/uploads/2021/02/enxerto-gengival-gengiva-retraída-retração-prótese-dentária.jpg'><img width="300" height="180" src="https://luisgustavoleite.com.br/blog/wp-content/uploads/2021/02/enxerto-gengival-gengiva-retraída-retração-prótese-dentária-300x180.jpg" class="attachment-medium size-medium" alt="" decoding="async" loading="lazy" srcset="https://luisgustavoleite.com.br/blog/wp-content/uploads/2021/02/enxerto-gengival-gengiva-retraída-retração-prótese-dentária-300x180.jpg 300w, https://luisgustavoleite.com.br/blog/wp-content/uploads/2021/02/enxerto-gengival-gengiva-retraída-retração-prótese-dentária-768x461.jpg 768w, https://luisgustavoleite.com.br/blog/wp-content/uploads/2021/02/enxerto-gengival-gengiva-retraída-retração-prótese-dentária-1024x614.jpg 1024w, https://luisgustavoleite.com.br/blog/wp-content/uploads/2021/02/enxerto-gengival-gengiva-retraída-retração-prótese-dentária.jpg 1500w" sizes="(max-width: 300px) 100vw, 300px" /></a></p>

<p>Enxerto gengival pode ser utilizado na recuperação da retração gengival severa.</p>

2021/02/enxerto-gengival-gengiva-retraída-retração-prótese-dentária.jpg

enxerto-gengival-gengiva-retraída-retração-prótese-dentária-150x150.jpg

https://luisgustavoleite.com.br/blog/wp-content/uploads/2021/02/enxerto-gengival-gengiva-retraída-retração-prótese-dentária-150x150.jpg

enxerto-gengival-gengiva-retraída-retração-prótese-dentária-300x180.jpg

https://luisgustavoleite.com.br/blog/wp-content/uploads/2021/02/enxerto-gengival-gengiva-retraída-retração-prótese-dentária-300x180.jpg

enxerto-gengival-gengiva-retraída-retração-prótese-dentária-768x461.jpg

https://luisgustavoleite.com.br/blog/wp-content/uploads/2021/02/enxerto-gengival-gengiva-retraída-retração-prótese-dentária-768x461.jpg

enxerto-gengival-gengiva-retraída-retração-prótese-dentária-1024x614.jpg

https://luisgustavoleite.com.br/blog/wp-content/uploads/2021/02/enxerto-gengival-gengiva-retraída-retração-prótese-dentária-1024x614.jpg

enxerto-gengival-gengiva-retraída-retração-prótese-dentária-672x372.jpg

https://luisgustavoleite.com.br/blog/wp-content/uploads/2021/02/enxerto-gengival-gengiva-retraída-retração-prótese-dentária-672x372.jpg

enxerto-gengival-gengiva-retraída-retração-prótese-dentária-1038x576.jpg

https://luisgustavoleite.com.br/blog/wp-content/uploads/2021/02/enxerto-gengival-gengiva-retraída-retração-prótese-dentária-1038x576.jpg

enxerto-gengival-gengiva-retraída-retração-prótese-dentária-24x24.jpg

https://luisgustavoleite.com.br/blog/wp-content/uploads/2021/02/enxerto-gengival-gengiva-retraída-retração-prótese-dentária-24x24.jpg

enxerto-gengival-gengiva-retraída-retração-prótese-dentária-48x48.jpg

https://luisgustavoleite.com.br/blog/wp-content/uploads/2021/02/enxerto-gengival-gengiva-retraída-retração-prótese-dentária-48x48.jpg

enxerto-gengival-gengiva-retraída-retração-prótese-dentária-96x96.jpg

https://luisgustavoleite.com.br/blog/wp-content/uploads/2021/02/enxerto-gengival-gengiva-retraída-retração-prótese-dentária-96x96.jpg

enxerto-gengival-gengiva-retraída-retração-prótese-dentária.jpg
