{"id":3906,"date":"2016-08-29T15:42:03","date_gmt":"2016-08-29T18:42:03","guid":{"rendered":"https:\/\/luisgustavoleite.com.br\/blog\/wp-content\/uploads\/2016\/08\/tratamento-dente-torto-e-girado-com-facetas-e-laminas-inclina\u00e7\u00e3o-ideal.jpg"},"modified":"2016-08-29T15:43:24","modified_gmt":"2016-08-29T18:43:24","slug":"tratamento-dente-torto-e-girado-com-facetas-e-laminas-inclinacao-ideal","status":"inherit","type":"attachment","link":"https:\/\/luisgustavoleite.com.br\/blog\/facetas-dentes-tortos-e-inclinados\/tratamento-dente-torto-e-girado-com-facetas-e-laminas-inclinacao-ideal\/","title":{"rendered":"tratamento dente torto e girado com facetas e laminas inclina\u00e7\u00e3o ideal"},"author":4,"featured_media":0,"comment_status":"open","ping_status":"closed","template":"","meta":{"web_stories_base_color":null,"web_stories_blurhash":"","web_stories_cropped_origin_id":0,"web_stories_muted_id":0,"web_stories_optimized_id":0,"web_stories_poster_id":0,"web_stories_trim_data":{"original":0},"web_stories_is_gif":false},"web_story_media_source":[],"web_stories_media_source":"","web_stories_is_muted":null,"featured_media_src":[],"description":{"rendered":"<p class=\"attachment\"><a href='https:\/\/luisgustavoleite.com.br\/blog\/wp-content\/uploads\/2016\/08\/tratamento-dente-torto-e-girado-com-facetas-e-laminas-inclina\u00e7\u00e3o-ideal.jpg'><img width=\"300\" height=\"169\" src=\"https:\/\/luisgustavoleite.com.br\/blog\/wp-content\/uploads\/2016\/08\/tratamento-dente-torto-e-girado-com-facetas-e-laminas-inclina\u00e7\u00e3o-ideal-300x169.jpg\" class=\"attachment-medium size-medium\" alt=\"tratamento dente torto e girado com facetas e laminas inclina\u00e7\u00e3o ideal\" decoding=\"async\" loading=\"lazy\" srcset=\"https:\/\/luisgustavoleite.com.br\/blog\/wp-content\/uploads\/2016\/08\/tratamento-dente-torto-e-girado-com-facetas-e-laminas-inclina\u00e7\u00e3o-ideal-300x169.jpg 300w, https:\/\/luisgustavoleite.com.br\/blog\/wp-content\/uploads\/2016\/08\/tratamento-dente-torto-e-girado-com-facetas-e-laminas-inclina\u00e7\u00e3o-ideal-768x432.jpg 768w, https:\/\/luisgustavoleite.com.br\/blog\/wp-content\/uploads\/2016\/08\/tratamento-dente-torto-e-girado-com-facetas-e-laminas-inclina\u00e7\u00e3o-ideal.jpg 800w\" sizes=\"(max-width: 300px) 100vw, 300px\" \/><\/a><\/p>\n"},"caption":{"rendered":"<p>Incisivos laterais superiores (setas) com pouco inclina\u00e7\u00e3o : situa\u00e7\u00e3o indicada para corre\u00e7\u00f5es com facetas em porcelana.<\/p>\n"},"alt_text":"tratamento dente torto e girado com facetas e laminas inclina\u00e7\u00e3o ideal","media_type":"image","mime_type":"image\/jpeg","media_details":{"width":800,"height":450,"file":"2016\/08\/tratamento-dente-torto-e-girado-com-facetas-e-laminas-inclina\u00e7\u00e3o-ideal.jpg","sizes":{"thumbnail":{"file":"tratamento-dente-torto-e-girado-com-facetas-e-laminas-inclina\u00e7\u00e3o-ideal-150x150.jpg","width":150,"height":150,"mime_type":"image\/jpeg","source_url":"https:\/\/luisgustavoleite.com.br\/blog\/wp-content\/uploads\/2016\/08\/tratamento-dente-torto-e-girado-com-facetas-e-laminas-inclina\u00e7\u00e3o-ideal-150x150.jpg"},"medium":{"file":"tratamento-dente-torto-e-girado-com-facetas-e-laminas-inclina\u00e7\u00e3o-ideal-300x169.jpg","width":300,"height":169,"mime_type":"image\/jpeg","source_url":"https:\/\/luisgustavoleite.com.br\/blog\/wp-content\/uploads\/2016\/08\/tratamento-dente-torto-e-girado-com-facetas-e-laminas-inclina\u00e7\u00e3o-ideal-300x169.jpg"},"medium_large":{"file":"tratamento-dente-torto-e-girado-com-facetas-e-laminas-inclina\u00e7\u00e3o-ideal-768x432.jpg","width":768,"height":432,"mime_type":"image\/jpeg","source_url":"https:\/\/luisgustavoleite.com.br\/blog\/wp-content\/uploads\/2016\/08\/tratamento-dente-torto-e-girado-com-facetas-e-laminas-inclina\u00e7\u00e3o-ideal-768x432.jpg"},"post-thumbnail":{"file":"tratamento-dente-torto-e-girado-com-facetas-e-laminas-inclina\u00e7\u00e3o-ideal-672x372.jpg","width":672,"height":372,"mime_type":"image\/jpeg","source_url":"https:\/\/luisgustavoleite.com.br\/blog\/wp-content\/uploads\/2016\/08\/tratamento-dente-torto-e-girado-com-facetas-e-laminas-inclina\u00e7\u00e3o-ideal-672x372.jpg"},"full":{"file":"tratamento-dente-torto-e-girado-com-facetas-e-laminas-inclina\u00e7\u00e3o-ideal.jpg","width":800,"height":450,"mime_type":"image\/jpeg","source_url":"https:\/\/luisgustavoleite.com.br\/blog\/wp-content\/uploads\/2016\/08\/tratamento-dente-torto-e-girado-com-facetas-e-laminas-inclina\u00e7\u00e3o-ideal.jpg"}},"image_meta":{"aperture":"0","credit":"","camera":"","caption":"","created_timestamp":"0","copyright":"","focal_length":"0","iso":"0","shutter_speed":"0","title":"","orientation":"1","keywords":[]}},"post":3853,"source_url":"https:\/\/luisgustavoleite.com.br\/blog\/wp-content\/uploads\/2016\/08\/tratamento-dente-torto-e-girado-com-facetas-e-laminas-inclina\u00e7\u00e3o-ideal.jpg","_links":{"self":[{"href":"https:\/\/luisgustavoleite.com.br\/blog\/wp-json\/wp\/v2\/media\/3906"}],"collection":[{"href":"https:\/\/luisgustavoleite.com.br\/blog\/wp-json\/wp\/v2\/media"}],"about":[{"href":"https:\/\/luisgustavoleite.com.br\/blog\/wp-json\/wp\/v2\/types\/attachment"}],"author":[{"embeddable":true,"href":"https:\/\/luisgustavoleite.com.br\/blog\/wp-json\/wp\/v2\/users\/4"}],"replies":[{"embeddable":true,"href":"https:\/\/luisgustavoleite.com.br\/blog\/wp-json\/wp\/v2\/comments?post=3906"}],"wp:term":[{"taxonomy":"web_story_media_source","embeddable":true,"href":"https:\/\/luisgustavoleite.com.br\/blog\/wp-json\/web-stories\/v1\/web_story_media_source?post=3906"}],"curies":[{"name":"wp","href":"https:\/\/api.w.org\/{rel}","templated":true}]}}

https://luisgustavoleite.com.br/blog/wp-content/uploads/2016/08/tratamento-dente-torto-e-girado-com-facetas-e-laminas-inclinação-ideal.jpg

tratamento dente torto e girado com facetas e laminas inclinação ideal

<p class="attachment"><a href='https://luisgustavoleite.com.br/blog/wp-content/uploads/2016/08/tratamento-dente-torto-e-girado-com-facetas-e-laminas-inclinação-ideal.jpg'><img width="300" height="169" src="https://luisgustavoleite.com.br/blog/wp-content/uploads/2016/08/tratamento-dente-torto-e-girado-com-facetas-e-laminas-inclinação-ideal-300x169.jpg" class="attachment-medium size-medium" alt="tratamento dente torto e girado com facetas e laminas inclinação ideal" decoding="async" loading="lazy" srcset="https://luisgustavoleite.com.br/blog/wp-content/uploads/2016/08/tratamento-dente-torto-e-girado-com-facetas-e-laminas-inclinação-ideal-300x169.jpg 300w, https://luisgustavoleite.com.br/blog/wp-content/uploads/2016/08/tratamento-dente-torto-e-girado-com-facetas-e-laminas-inclinação-ideal-768x432.jpg 768w, https://luisgustavoleite.com.br/blog/wp-content/uploads/2016/08/tratamento-dente-torto-e-girado-com-facetas-e-laminas-inclinação-ideal.jpg 800w" sizes="(max-width: 300px) 100vw, 300px" /></a></p>

<p>Incisivos laterais superiores (setas) com pouco inclinação : situação indicada para correções com facetas em porcelana.</p>

2016/08/tratamento-dente-torto-e-girado-com-facetas-e-laminas-inclinação-ideal.jpg

tratamento-dente-torto-e-girado-com-facetas-e-laminas-inclinação-ideal-150x150.jpg

https://luisgustavoleite.com.br/blog/wp-content/uploads/2016/08/tratamento-dente-torto-e-girado-com-facetas-e-laminas-inclinação-ideal-150x150.jpg

tratamento-dente-torto-e-girado-com-facetas-e-laminas-inclinação-ideal-300x169.jpg

https://luisgustavoleite.com.br/blog/wp-content/uploads/2016/08/tratamento-dente-torto-e-girado-com-facetas-e-laminas-inclinação-ideal-300x169.jpg

tratamento-dente-torto-e-girado-com-facetas-e-laminas-inclinação-ideal-768x432.jpg

https://luisgustavoleite.com.br/blog/wp-content/uploads/2016/08/tratamento-dente-torto-e-girado-com-facetas-e-laminas-inclinação-ideal-768x432.jpg

tratamento-dente-torto-e-girado-com-facetas-e-laminas-inclinação-ideal-672x372.jpg

https://luisgustavoleite.com.br/blog/wp-content/uploads/2016/08/tratamento-dente-torto-e-girado-com-facetas-e-laminas-inclinação-ideal-672x372.jpg

tratamento-dente-torto-e-girado-com-facetas-e-laminas-inclinação-ideal.jpg
