{"id":3908,"date":"2016-08-29T15:43:50","date_gmt":"2016-08-29T18:43:50","guid":{"rendered":"https:\/\/luisgustavoleite.com.br\/blog\/wp-content\/uploads\/2016\/08\/tratamento-dente-torto-e-girado-com-facetas-e-laminas-inclina\u00e7\u00e3o-excessiva.jpg"},"modified":"2016-08-29T15:45:00","modified_gmt":"2016-08-29T18:45:00","slug":"tratamento-dente-torto-e-girado-com-facetas-e-laminas-inclinacao-excessiva","status":"inherit","type":"attachment","link":"https:\/\/luisgustavoleite.com.br\/blog\/facetas-dentes-tortos-e-inclinados\/tratamento-dente-torto-e-girado-com-facetas-e-laminas-inclinacao-excessiva\/","title":{"rendered":"tratamento dente torto e girado com facetas e laminas inclina\u00e7\u00e3o excessiva"},"author":4,"featured_media":0,"comment_status":"open","ping_status":"closed","template":"","meta":{"web_stories_base_color":null,"web_stories_blurhash":"","web_stories_cropped_origin_id":0,"web_stories_muted_id":0,"web_stories_optimized_id":0,"web_stories_poster_id":0,"web_stories_trim_data":{"original":0},"web_stories_is_gif":false},"web_story_media_source":[],"web_stories_media_source":"","web_stories_is_muted":null,"featured_media_src":[],"description":{"rendered":"<p class=\"attachment\"><a href='https:\/\/luisgustavoleite.com.br\/blog\/wp-content\/uploads\/2016\/08\/tratamento-dente-torto-e-girado-com-facetas-e-laminas-inclina\u00e7\u00e3o-excessiva.jpg'><img width=\"300\" height=\"169\" src=\"https:\/\/luisgustavoleite.com.br\/blog\/wp-content\/uploads\/2016\/08\/tratamento-dente-torto-e-girado-com-facetas-e-laminas-inclina\u00e7\u00e3o-excessiva-300x169.jpg\" class=\"attachment-medium size-medium\" alt=\"tratamento dente torto e girado com facetas e laminas inclina\u00e7\u00e3o excessiva\" decoding=\"async\" loading=\"lazy\" srcset=\"https:\/\/luisgustavoleite.com.br\/blog\/wp-content\/uploads\/2016\/08\/tratamento-dente-torto-e-girado-com-facetas-e-laminas-inclina\u00e7\u00e3o-excessiva-300x169.jpg 300w, https:\/\/luisgustavoleite.com.br\/blog\/wp-content\/uploads\/2016\/08\/tratamento-dente-torto-e-girado-com-facetas-e-laminas-inclina\u00e7\u00e3o-excessiva-768x432.jpg 768w, https:\/\/luisgustavoleite.com.br\/blog\/wp-content\/uploads\/2016\/08\/tratamento-dente-torto-e-girado-com-facetas-e-laminas-inclina\u00e7\u00e3o-excessiva.jpg 800w\" sizes=\"(max-width: 300px) 100vw, 300px\" \/><\/a><\/p>\n"},"caption":{"rendered":"<p>Inclina\u00e7\u00e3o excessiva de dentes incisivos laterais (setas) : tratamento contra-indicado para corre\u00e7\u00f5es de dentes inclinados com facetas.<\/p>\n"},"alt_text":"tratamento dente torto e girado com facetas e laminas inclina\u00e7\u00e3o excessiva","media_type":"image","mime_type":"image\/jpeg","media_details":{"width":800,"height":450,"file":"2016\/08\/tratamento-dente-torto-e-girado-com-facetas-e-laminas-inclina\u00e7\u00e3o-excessiva.jpg","sizes":{"thumbnail":{"file":"tratamento-dente-torto-e-girado-com-facetas-e-laminas-inclina\u00e7\u00e3o-excessiva-150x150.jpg","width":150,"height":150,"mime_type":"image\/jpeg","source_url":"https:\/\/luisgustavoleite.com.br\/blog\/wp-content\/uploads\/2016\/08\/tratamento-dente-torto-e-girado-com-facetas-e-laminas-inclina\u00e7\u00e3o-excessiva-150x150.jpg"},"medium":{"file":"tratamento-dente-torto-e-girado-com-facetas-e-laminas-inclina\u00e7\u00e3o-excessiva-300x169.jpg","width":300,"height":169,"mime_type":"image\/jpeg","source_url":"https:\/\/luisgustavoleite.com.br\/blog\/wp-content\/uploads\/2016\/08\/tratamento-dente-torto-e-girado-com-facetas-e-laminas-inclina\u00e7\u00e3o-excessiva-300x169.jpg"},"medium_large":{"file":"tratamento-dente-torto-e-girado-com-facetas-e-laminas-inclina\u00e7\u00e3o-excessiva-768x432.jpg","width":768,"height":432,"mime_type":"image\/jpeg","source_url":"https:\/\/luisgustavoleite.com.br\/blog\/wp-content\/uploads\/2016\/08\/tratamento-dente-torto-e-girado-com-facetas-e-laminas-inclina\u00e7\u00e3o-excessiva-768x432.jpg"},"post-thumbnail":{"file":"tratamento-dente-torto-e-girado-com-facetas-e-laminas-inclina\u00e7\u00e3o-excessiva-672x372.jpg","width":672,"height":372,"mime_type":"image\/jpeg","source_url":"https:\/\/luisgustavoleite.com.br\/blog\/wp-content\/uploads\/2016\/08\/tratamento-dente-torto-e-girado-com-facetas-e-laminas-inclina\u00e7\u00e3o-excessiva-672x372.jpg"},"full":{"file":"tratamento-dente-torto-e-girado-com-facetas-e-laminas-inclina\u00e7\u00e3o-excessiva.jpg","width":800,"height":450,"mime_type":"image\/jpeg","source_url":"https:\/\/luisgustavoleite.com.br\/blog\/wp-content\/uploads\/2016\/08\/tratamento-dente-torto-e-girado-com-facetas-e-laminas-inclina\u00e7\u00e3o-excessiva.jpg"}},"image_meta":{"aperture":"0","credit":"","camera":"","caption":"","created_timestamp":"0","copyright":"","focal_length":"0","iso":"0","shutter_speed":"0","title":"","orientation":"1","keywords":[]}},"post":3853,"source_url":"https:\/\/luisgustavoleite.com.br\/blog\/wp-content\/uploads\/2016\/08\/tratamento-dente-torto-e-girado-com-facetas-e-laminas-inclina\u00e7\u00e3o-excessiva.jpg","_links":{"self":[{"href":"https:\/\/luisgustavoleite.com.br\/blog\/wp-json\/wp\/v2\/media\/3908"}],"collection":[{"href":"https:\/\/luisgustavoleite.com.br\/blog\/wp-json\/wp\/v2\/media"}],"about":[{"href":"https:\/\/luisgustavoleite.com.br\/blog\/wp-json\/wp\/v2\/types\/attachment"}],"author":[{"embeddable":true,"href":"https:\/\/luisgustavoleite.com.br\/blog\/wp-json\/wp\/v2\/users\/4"}],"replies":[{"embeddable":true,"href":"https:\/\/luisgustavoleite.com.br\/blog\/wp-json\/wp\/v2\/comments?post=3908"}],"wp:term":[{"taxonomy":"web_story_media_source","embeddable":true,"href":"https:\/\/luisgustavoleite.com.br\/blog\/wp-json\/web-stories\/v1\/web_story_media_source?post=3908"}],"curies":[{"name":"wp","href":"https:\/\/api.w.org\/{rel}","templated":true}]}}

https://luisgustavoleite.com.br/blog/wp-content/uploads/2016/08/tratamento-dente-torto-e-girado-com-facetas-e-laminas-inclinação-excessiva.jpg

tratamento dente torto e girado com facetas e laminas inclinação excessiva

<p class="attachment"><a href='https://luisgustavoleite.com.br/blog/wp-content/uploads/2016/08/tratamento-dente-torto-e-girado-com-facetas-e-laminas-inclinação-excessiva.jpg'><img width="300" height="169" src="https://luisgustavoleite.com.br/blog/wp-content/uploads/2016/08/tratamento-dente-torto-e-girado-com-facetas-e-laminas-inclinação-excessiva-300x169.jpg" class="attachment-medium size-medium" alt="tratamento dente torto e girado com facetas e laminas inclinação excessiva" decoding="async" loading="lazy" srcset="https://luisgustavoleite.com.br/blog/wp-content/uploads/2016/08/tratamento-dente-torto-e-girado-com-facetas-e-laminas-inclinação-excessiva-300x169.jpg 300w, https://luisgustavoleite.com.br/blog/wp-content/uploads/2016/08/tratamento-dente-torto-e-girado-com-facetas-e-laminas-inclinação-excessiva-768x432.jpg 768w, https://luisgustavoleite.com.br/blog/wp-content/uploads/2016/08/tratamento-dente-torto-e-girado-com-facetas-e-laminas-inclinação-excessiva.jpg 800w" sizes="(max-width: 300px) 100vw, 300px" /></a></p>

<p>Inclinação excessiva de dentes incisivos laterais (setas) : tratamento contra-indicado para correções de dentes inclinados com facetas.</p>

2016/08/tratamento-dente-torto-e-girado-com-facetas-e-laminas-inclinação-excessiva.jpg

tratamento-dente-torto-e-girado-com-facetas-e-laminas-inclinação-excessiva-150x150.jpg

https://luisgustavoleite.com.br/blog/wp-content/uploads/2016/08/tratamento-dente-torto-e-girado-com-facetas-e-laminas-inclinação-excessiva-150x150.jpg

tratamento-dente-torto-e-girado-com-facetas-e-laminas-inclinação-excessiva-300x169.jpg

https://luisgustavoleite.com.br/blog/wp-content/uploads/2016/08/tratamento-dente-torto-e-girado-com-facetas-e-laminas-inclinação-excessiva-300x169.jpg

tratamento-dente-torto-e-girado-com-facetas-e-laminas-inclinação-excessiva-768x432.jpg

https://luisgustavoleite.com.br/blog/wp-content/uploads/2016/08/tratamento-dente-torto-e-girado-com-facetas-e-laminas-inclinação-excessiva-768x432.jpg

tratamento-dente-torto-e-girado-com-facetas-e-laminas-inclinação-excessiva-672x372.jpg

https://luisgustavoleite.com.br/blog/wp-content/uploads/2016/08/tratamento-dente-torto-e-girado-com-facetas-e-laminas-inclinação-excessiva-672x372.jpg

tratamento-dente-torto-e-girado-com-facetas-e-laminas-inclinação-excessiva.jpg
